{"id":5072,"date":"2015-09-09T11:00:44","date_gmt":"2015-09-09T15:00:44","guid":{"rendered":"http:\/\/www.incoop.gov.py\/v2\/?page_id=5072"},"modified":"2026-03-17T07:45:02","modified_gmt":"2026-03-17T10:45:02","slug":"central-de-riesgos","status":"publish","type":"page","link":"https:\/\/www.incoop.gov.py\/?page_id=5072","title":{"rendered":"Central de Riesgos"},"content":{"rendered":"\t\t<div data-elementor-type=\"wp-page\" data-elementor-id=\"5072\" class=\"elementor elementor-5072\">\n\t\t\t\t\t\t<section class=\"elementor-section elementor-top-section elementor-element elementor-element-f8af8a1 elementor-section-boxed elementor-section-height-default elementor-section-height-default\" data-id=\"f8af8a1\" data-element_type=\"section\">\n\t\t\t\t\t\t<div class=\"elementor-container elementor-column-gap-default\">\n\t\t\t\t\t<div class=\"elementor-column elementor-col-100 elementor-top-column elementor-element elementor-element-44f3a0f\" data-id=\"44f3a0f\" data-element_type=\"column\">\n\t\t\t<div class=\"elementor-widget-wrap elementor-element-populated\">\n\t\t\t\t\t\t<div class=\"elementor-element elementor-element-74cd449 elementor-widget elementor-widget-text-editor\" data-id=\"74cd449\" data-element_type=\"widget\" data-widget_type=\"text-editor.default\">\n\t\t\t\t<div class=\"elementor-widget-container\">\n\t\t\t\t\t\t\t\t\t<h2 class=\"ekit-heading--title elementskit-section-title \" style=\"text-align: center;\">Central de\u00a0Riesgos<\/h2>\t\t\t\t\t\t\t\t<\/div>\n\t\t\t\t<\/div>\n\t\t\t\t<div class=\"elementor-element elementor-element-5867c9b elementor-widget-divider--view-line elementor-widget elementor-widget-divider\" data-id=\"5867c9b\" data-element_type=\"widget\" data-widget_type=\"divider.default\">\n\t\t\t\t<div class=\"elementor-widget-container\">\n\t\t\t\t\t\t\t<div class=\"elementor-divider\">\n\t\t\t<span class=\"elementor-divider-separator\">\n\t\t\t\t\t\t<\/span>\n\t\t<\/div>\n\t\t\t\t\t\t<\/div>\n\t\t\t\t<\/div>\n\t\t\t\t\t<\/div>\n\t\t<\/div>\n\t\t\t\t\t<\/div>\n\t\t<\/section>\n\t\t\t\t<section class=\"elementor-section elementor-top-section elementor-element elementor-element-f338c02 elementor-section-boxed elementor-section-height-default elementor-section-height-default\" data-id=\"f338c02\" data-element_type=\"section\">\n\t\t\t\t\t\t<div class=\"elementor-container elementor-column-gap-default\">\n\t\t\t\t\t<div class=\"elementor-column elementor-col-100 elementor-top-column elementor-element elementor-element-bdc741f\" data-id=\"bdc741f\" data-element_type=\"column\">\n\t\t\t<div class=\"elementor-widget-wrap elementor-element-populated\">\n\t\t\t\t\t\t<div class=\"elementor-element elementor-element-6ed5bf0 elementor-widget elementor-widget-text-editor\" data-id=\"6ed5bf0\" data-element_type=\"widget\" data-widget_type=\"text-editor.default\">\n\t\t\t\t<div class=\"elementor-widget-container\">\n\t\t\t\t\t\t\t\t\t<p style=\"text-align: justify;\">El\u00a0<strong>Sistema Central de Riesgos (SCR)<\/strong>\u00a0del Instituto Nacional de Cooperativismo (INCOOP) es un servicio que proporciona informaci\u00f3n sobre la capacidad de las cooperativas y centrales cooperativas para cubrir posibles p\u00e9rdidas de sus activos. El SCR proporciona un documento de apoyo que describe el est\u00e1ndar electr\u00f3nico de los archivos de importaci\u00f3n de operaciones crediticias.<\/p><p style=\"text-align: justify;\">El\u00a0<strong>SCR<\/strong>\u00a0tambi\u00e9n permite consultar los datos de los socios, lo que permite obtener un estado de cuenta de las operaciones que un socio ha realizado en varias cooperativas. El estado de cuenta se agrupa por tipo de pr\u00e9stamo y tipo de operaci\u00f3n, e incluye la clasificaci\u00f3n de riesgo otorgada por el INCOOP.<\/p>\t\t\t\t\t\t\t\t<\/div>\n\t\t\t\t<\/div>\n\t\t\t\t<div class=\"elementor-element elementor-element-dd5d929 elementor-widget elementor-widget-text-editor\" data-id=\"dd5d929\" data-element_type=\"widget\" data-widget_type=\"text-editor.default\">\n\t\t\t\t<div class=\"elementor-widget-container\">\n\t\t\t\t\t\t\t\t\t<p style=\"text-align: justify;\"><strong>A disposici\u00f3n\u00a0manuales de Central de Riesgos en formato pdf<\/strong><\/p><ul><li><img decoding=\"async\" class=\"alignnone  wp-image-13731\" src=\"https:\/\/www.incoop.gov.py\/wp-content\/uploads\/2026\/02\/pdf-icon.webp\" alt=\"\" width=\"24\" height=\"24\" srcset=\"https:\/\/www.incoop.gov.py\/wp-content\/uploads\/2026\/02\/pdf-icon.webp 512w, https:\/\/www.incoop.gov.py\/wp-content\/uploads\/2026\/02\/pdf-icon-300x300.webp 300w, https:\/\/www.incoop.gov.py\/wp-content\/uploads\/2026\/02\/pdf-icon-150x150.webp 150w\" sizes=\"(max-width: 24px) 100vw, 24px\" \/>\u00a0\u00a0<a href=\"https:\/\/www.incoop.gov.py\/wp-content\/uploads\/2015\/09\/Ejemplo-de-Archivo-SCR.pdf\" target=\"_blank\" rel=\"noopener\">Ejemplo de Archivo SCR\u00a0<\/a><\/li><li><img decoding=\"async\" class=\"alignnone  wp-image-13731\" src=\"https:\/\/www.incoop.gov.py\/wp-content\/uploads\/2026\/02\/pdf-icon.webp\" alt=\"\" width=\"24\" height=\"24\" srcset=\"https:\/\/www.incoop.gov.py\/wp-content\/uploads\/2026\/02\/pdf-icon.webp 512w, https:\/\/www.incoop.gov.py\/wp-content\/uploads\/2026\/02\/pdf-icon-300x300.webp 300w, https:\/\/www.incoop.gov.py\/wp-content\/uploads\/2026\/02\/pdf-icon-150x150.webp 150w\" sizes=\"(max-width: 24px) 100vw, 24px\" \/>\u00a0 <a href=\"https:\/\/www.incoop.gov.py\/wp-content\/uploads\/2015\/09\/SCR_Formato_Archivo-2017-01-24.pdf\" target=\"_blank\" rel=\"noopener\">SCR Formato_Archivo\u00a0<\/a>\u00a0(Actualizado 2017-01-24)<\/li><li><img decoding=\"async\" class=\"alignnone  wp-image-13731\" src=\"https:\/\/www.incoop.gov.py\/wp-content\/uploads\/2026\/02\/pdf-icon.webp\" alt=\"\" width=\"24\" height=\"24\" srcset=\"https:\/\/www.incoop.gov.py\/wp-content\/uploads\/2026\/02\/pdf-icon.webp 512w, https:\/\/www.incoop.gov.py\/wp-content\/uploads\/2026\/02\/pdf-icon-300x300.webp 300w, https:\/\/www.incoop.gov.py\/wp-content\/uploads\/2026\/02\/pdf-icon-150x150.webp 150w\" sizes=\"(max-width: 24px) 100vw, 24px\" \/>\u00a0 <a href=\"https:\/\/www.incoop.gov.py\/wp-content\/uploads\/2015\/09\/Manual-de-Operacion-SCR.pdf\" target=\"_blank\" rel=\"noopener\">Manual de Operaci\u00f3n SCR\u00a0<\/a><\/li><\/ul>\t\t\t\t\t\t\t\t<\/div>\n\t\t\t\t<\/div>\n\t\t\t\t\t<\/div>\n\t\t<\/div>\n\t\t\t\t\t<\/div>\n\t\t<\/section>\n\t\t\t\t<\/div>\n\t\t","protected":false},"excerpt":{"rendered":"<p>Central de\u00a0Riesgos El\u00a0Sistema Central de Riesgos (SCR)\u00a0del Instituto Nacional de Cooperativismo (INCOOP) es un servicio que proporciona informaci\u00f3n sobre la capacidad de las cooperativas y centrales cooperativas para cubrir posibles p\u00e9rdidas de sus activos. El SCR proporciona un documento de apoyo que describe el est\u00e1ndar electr\u00f3nico de los archivos de importaci\u00f3n de operaciones crediticias. El\u00a0SCR\u00a0tambi\u00e9n [&hellip;]<\/p>\n","protected":false},"author":1,"featured_media":0,"parent":110,"menu_order":3,"comment_status":"closed","ping_status":"closed","template":"elementor_header_footer","meta":{"footnotes":""},"class_list":["post-5072","page","type-page","status-publish","hentry"],"_links":{"self":[{"href":"https:\/\/www.incoop.gov.py\/index.php?rest_route=\/wp\/v2\/pages\/5072","targetHints":{"allow":["GET"]}}],"collection":[{"href":"https:\/\/www.incoop.gov.py\/index.php?rest_route=\/wp\/v2\/pages"}],"about":[{"href":"https:\/\/www.incoop.gov.py\/index.php?rest_route=\/wp\/v2\/types\/page"}],"author":[{"embeddable":true,"href":"https:\/\/www.incoop.gov.py\/index.php?rest_route=\/wp\/v2\/users\/1"}],"replies":[{"embeddable":true,"href":"https:\/\/www.incoop.gov.py\/index.php?rest_route=%2Fwp%2Fv2%2Fcomments&post=5072"}],"version-history":[{"count":4,"href":"https:\/\/www.incoop.gov.py\/index.php?rest_route=\/wp\/v2\/pages\/5072\/revisions"}],"predecessor-version":[{"id":14232,"href":"https:\/\/www.incoop.gov.py\/index.php?rest_route=\/wp\/v2\/pages\/5072\/revisions\/14232"}],"up":[{"embeddable":true,"href":"https:\/\/www.incoop.gov.py\/index.php?rest_route=\/wp\/v2\/pages\/110"}],"wp:attachment":[{"href":"https:\/\/www.incoop.gov.py\/index.php?rest_route=%2Fwp%2Fv2%2Fmedia&parent=5072"}],"curies":[{"name":"wp","href":"https:\/\/api.w.org\/{rel}","templated":true}]}}